 the prime factors of 94606132.
2, 23651533
What are the prime factors of 581654896?
2, 36353431
List the prime factors of 499977683.
499977683
List the prime factors of 41202650.
2, 5, 59, 13967
What are the prime factors of 863530789?
11, 6221, 12619
List the prime factors of 35621564.
2, 11, 809581
What are the prime factors of 28367791?
28367791
What are the prime factors of 42167560?
2, 5, 1054189
List the prime factors of 831361446.
2, 3, 331, 139537
List the prime factors of 1416246811.
7, 31, 6526483
What are the prime factors of 28190958?
2, 3, 29, 162017
List the prime factors of 60201789.
3, 97, 206879
List the prime factors of 838124129.
838124129
List the prime factors of 104398550.
2, 5, 29, 71999
What are the prime factors of 159506015?
5, 47, 678749
What are the prime factors of 62324096?
2, 486907
List the prime factors of 1280195344.
2, 31, 587, 4397
What are the prime factors of 9319963446?
2, 3, 23, 61, 103, 3583
List the prime factors of 186822165.
3, 5, 449, 27739
List the prime factors of 107723068.
2, 26930767
List the prime factors of 1349052879.
3, 23, 277, 70583
What are the prime factors of 167540145?
3, 5, 41, 272423
What are the prime factors of 193752909?
3, 7, 439349
What are the prime factors of 147391685?
5, 7, 757, 5563
List the prime factors of 8612465338.
2, 53, 1609, 50497
List the prime factors of 841836388.
2, 14281, 14737
List the prime factors of 4220091728.
2, 1481, 178093
List the prime factors of 57193187.
57193187
List the prime factors of 1363645295.
5, 19, 14354161
List the prime factors of 448461383.
23, 1171, 16651
List the prime factors of 56573963.
19, 569, 5233
What are the prime factors of 175126492?
2, 503, 87041
What are the prime factors of 116705916?
2, 3, 137, 23663
List the prime factors of 2030981027.
31, 4793, 13669
What are the prime factors of 1944625005?
3, 5, 43213889
What are the prime factors of 172370331?
3, 7, 211, 12967
List the prime factors of 982422849.
3, 43, 257, 29633
What are the prime factors of 129960095?
5, 19, 37, 36973
What are the prime factors of 1937840549?
127, 1483, 10289
What are the prime factors of 91023733?
43, 97, 139, 157
List the prime factors of 604541968.
2, 37783873
What are the prime factors of 6325999833?
3, 23, 91681157
List the prime factors of 319989310.
2, 5, 317, 100943
What are the prime factors of 173681019?
3, 3719, 5189
What are the prime factors of 25625867?
37, 692591
List the prime factors of 42731418.
2, 3, 19, 374837
What are the prime factors of 75299419?
13, 5792263
What are the prime factors of 110149448?
2, 31, 444151
List the prime factors of 2647266025.
5, 105890641
What are the prime factors of 2193097331?
109, 131, 153589
List the prime factors of 24530780.
2, 5, 1226539
List the prime factors of 31706208.
2, 3, 36697
What are the prime factors of 1198229516?
2, 11, 27232489
List the prime factors of 115876130.
2, 5, 11587613
What are the prime factors of 1756025774?
2, 173, 241, 21059
List the prime factors of 191207526.
2, 3, 19, 113, 14843
List the prime factors of 92211425.
5, 419, 8803
List the prime factors of 10182270.
2, 3, 5, 7, 48487
What are the prime factors of 2350090769?
13, 180776213
List the prime factors of 1474597363.
199, 7410037
List the prime factors of 839429589.
3, 79, 1367, 2591
List the prime factors of 937490856.
2, 3, 19, 23, 89387
What are the prime factors of 20190566?
2, 11, 917753
What are the prime factors of 314241197?
314241197
List the prime factors of 209729840.
2, 5, 227, 11549
What are the prime factors of 21274304?
2, 332411
List the prime factors of 4774676005.
5, 11, 89, 227, 4297
What are the prime factors of 20955608?
2, 47, 55733
List the prime factors of 277357927.
7, 11, 157, 22943
What are the prime factors of 41022427?
41, 1000547
What are the prime factors of 3404804676?
2, 3, 7, 13, 17, 37, 4957
List the prime factors of 614497323.
3, 11, 2111, 8821
List the prime factors of 90501110.
2, 5, 7, 149, 8677
What are the prime factors of 138748100?
2, 5, 41, 43, 787
What are the prime factors of 127789575?
3, 5, 59, 28879
List the prime factors of 44956627.
1549, 29023
What are the prime factors of 1620651?
3, 540217
What are the prime factors of 35964026?
2, 7, 139, 18481
What are the prime factors of 233630064?
2, 3, 1622431
What are the prime factors of 3913090467?
3, 11, 13, 73, 124951
List the prime factors of 220764139.
220764139
List the prime factors of 1631755607.
39551, 41257
List the prime factors of 4333804173.
3, 349, 1379753
List the prime factors of 45105627.
3, 7, 37, 8293
List the prime factors of 62975139.
3, 19, 41, 26947
List the prime factors of 2053875415.
5, 410775083
What are the prime factors of 104574352?
2, 6535897
List the prime factors of 20813138.
2, 10406569
What are the prime factors of 3446982834?
2, 3, 71, 8091509
What are the prime factors of 2091949440?
2, 3, 5, 7, 31, 5021
List the prime factors of 180233723.
180233723
List the prime factors of 111655396.
2, 1061, 26309
List the prime factors of 40511722.
2, 137, 147853
What are the prime factors of 524414028?
2, 3, 17, 2570657
List the prime factors of 94947151.
13, 23, 103, 3083
List the prime factors of 895686182.
2, 19, 457, 51577
What are the prime factors of 9410536514?
2, 31, 83, 1828709
List the prime factors of 20217009.
3, 43, 53, 2957
List the prime factors of 22922707.
22922707
What are the prime factors of 929289358?
2, 47, 137, 72161
List the prime factors of 9509064.
2, 3, 31, 12781
List the prime factors of 1622031403.
2003, 809801
What are the prime factors of 900811572?
2, 3, 17, 29, 152267
List the prime factors of 72897936.
2, 3, 1518707
List the prime factors of 184033101.
3, 7, 29, 302189
List the prime factors of 328613814.
2, 3, 6085441
List the prime factors of 9393622.
2, 7, 17, 29, 1361
What are the prime factors of 831693105?
3, 5, 18482069
What are the prime factors of 135180218?
2, 43, 79, 101, 197
What are the prime factors of 489753716?
2, 122438429
What are the prime factors of 120246186?
2, 3, 20041031
List the prime factors of 541590611.
19, 127, 11813
What are the prime factors of 61473689?
4327, 14207
What are the prime factors of 507795931?
193, 2631067
List the prime factors of 33975716.
2, 41, 207169
List the prime factors of 1131279.
3, 19, 89, 223
What are the prime factors of 12317165?
5, 7, 351919
What are the prime factors of 72572299?
5273, 13763
List the prime factors of 40222580.
2, 5, 2011129
List the prime factors of 77688453.
3, 17, 137, 11119
List the prime factors of 65382059.
19, 43, 79, 1013
List the prime factors of 3476684146.
2, 13, 133718621
List the prime factors of 2442765032.
2, 31, 83, 118673
List the prime factors of 1995455629.
1163, 1715783
List the prime factors of 71798159.
61, 1177019
List the prime factors of 597854161.
1993, 299977
List the prime factors of 292154588.
2, 11, 17, 390581
What are the prime factors of 41118147?
3, 7, 19, 34351
What are the prime factors of 117732765?
3, 5, 7848851
What are the prime factors of 1076656948?
2, 3371, 79847
What are the prime factors of 1038209709?
3, 1301, 266003
List the prime factors of 24674796.
2, 3, 137, 5003
List the prime factors of 75139827.
3, 7, 23, 155569
List the prime factors of 392145131.
7, 56020733
List the prime factors of 615761227.
3539, 173993
What are the prime factors of 316591086?
2, 3, 7, 29, 8963
List the prime factors of 2302694328.
2, 3, 11, 1931, 4517
List the prime factors of 7531021884.
2, 3, 37, 2659, 6379
List the prime factors of 7812877.
17, 251, 1831
List the prime factors of 66267557.
66267557
List the prime factors of 116372232.
2, 3, 1616281
List the prime factors of 51551890.
2, 5, 13, 541, 733
List the prime factors of 655974828.
2, 3, 739, 8219
List the prime factors of 216029410.
2, 5, 29, 41, 18169
What are the prime factors of 810383584?
2, 149, 349, 487
What are the prime factors of 91506586?
2, 3361, 13613
What are the prime factors of 474583172?
2, 7, 61, 277859
List the prime factors of 2099128852.
2, 47, 641, 17419
What are the prime factors of 3030550011?
3, 137, 819289
List the prime factors of 2356337480.
2, 5, 7, 47, 25579
List the prime factors of 119156055.
3, 5, 7943737
List the prime factors of 284084716.
2, 257, 27634